244/8. Suppose 109 = 6*n + b. Calculate the remainder when 15 is divided by n.
7
Let i(p) = 79*p**3. Let w be i(1). Let b(t) = t**3 - 13*t**2 + 24*t + 22. Let g be b(5). Let d = w + g. Calculate the remainder when 40 is divided by d.
19
Suppose -230 = -4*o + 70. Let q(y) be the first derivative of y**3/3 - 13*y**2/2 - 29*y + 285. What is the remainder when o is divided by q(17)?
36
Suppose 0 = -i + 3*u + 2*u + 30, -4*i + 25 = -u. Suppose 0 = -i*k + 24 + 6. Suppose -127*p - 238 = -144*p. Calculate the remainder when p is divided by k.
2
Let n = 1803 - 1747. What is the remainder when n is divided by (5/3)/((-3)/(-54))?
26
Let y(k) = -4*k**3 - 66*k**2 - 31*k + 28. Calculate the remainder when 717 is divided by y(-16).
9
Suppose -34 = -2*i + 16. Let p be -574*2/(-4)*206/721. Let z = p - i. Calculate the remainder when z is divided by 29.
28
Let d = 262 - 32. Suppose 0 = -3*p + 175 + d. Suppose -45*k + 1079 = -451. What is the remainder when p is divided by k?
33
Let a = 69 + -63. Suppose -2*d + m = 3*m - 54, -3*m - a = 0. Let k = 308 - 164. Calculate the remainder when k is divided by d.
28
Suppose -2*y + 233*i = 234*i - 1183, 2935 = 5*y - 2*i. Calculate the remainder when y is divided by 151.
136
What is the remainder when 2/3 - 272/(-6) is divided by (-11118)/763*21/24*(-8)/6?
12
Let s = 7578 + -7560. Calculate the remainder when 24 is divided by s.
6
Let m(w) = -2*w**3 - 6*w**2 - 19*w - 174. Calculate the remainder when m(-6) is divided by 20.
16
Suppose -3*l + 3 = -27. Let j(b) = b**3 - 11*b**2 + 11*b - 5. Let f be j(l). What is the remainder when 50 is divided by (-5 + f)/(6/3) + 18?
14
Let k = 1822 - 1736. What is the remainder when 149 is divided by k?
63
Let i(g) = -g**3 + 5*g**2 - 9*g + 87. Calculate the remainder when 728 is divided by i(4).
58
Suppose -516 = -3*m + 3*s, -5*m + 5*s = 6*s - 836. Suppose -133*f - m = -137*f. What is the remainder when f is divided by 9?
6
Let c(r) = -r**3 - 9*r**2 - 21*r - 15. Let o be c(-7). Suppose o = -4*h + 6*h. Let p(z) = 11*z - 3. What is the remainder when p(6) is divided by h?
12
Suppose 16*w = -32 + 96. Suppose -w*b + 482 = 4*f + 94, 363 = 4*f - b. Calculate the remainder when f is divided by 21.
8
Let g = 24182 + -24173. Suppose 2*p = 5*l + 15, 7*p + 2*l = 2*p + 52. What is the remainder when p is divided by g?
1
Let t(j) = 256*j**2 - 70*j - 69. Calculate the remainder when t(-1) is divided by 45.
32
Calculate the remainder when 3 - -4 - (-49 - 129) is divided by 59.
8
Let i(b) = -38*b**3 + b**2 + 5*b + 4. Let x = -201 - -200. Calculate the remainder when i(x) is divided by 5.
3
Let f(x) = -22*x + 1007. What is the remainder when f(43) is divided by 34?
27
Let m = -157 + 368. Suppose 7*n = 146 + m. Let u(o) = -o**3 - 7*o**2 + 5*o - 6. What is the remainder when n is divided by u(-8)?
15
Let g = -124 - -182. What is the remainder when g is divided by (-30)/(-15) + 8/(-12)*(-9 + 3)?
4
Calculate the remainder when ((-184)/24 + 9)/(8/1878) is divided by 9.
7
Let j be -1 + (-19)/(-21) - 317/(-21). Suppose -1374 = -j*v + 9*v. Calculate the remainder when v is divided by 29.
26
Let b = -100 - -271. Suppose g = -5*c + 57, -7*c - b = -3*g - 4*c. Calculate the remainder when g is divided by 33.
24
Suppose -22 = 7*r - 18*r. Suppose r*f - 36 = 94. Suppose 5*n = 10*n - f. Calculate the remainder when 51 is divided by n.
12
Let d(p) = 20*p**2 - p - 7. Let k be d(-4). Let w = k + -78. Calculate the remainder when w is divided by 15.
14
Let y be (-3 + (-30)/(-9))*(119 - 2). Suppose -v + y = 3*m + 2*v, 2*v = -m + 11. What is the remainder when m is divided by 6?
3
Let p(q) = q**2 + 2*q. Let s be p(-13). Let i be -129 - (4 + 0/1). Let w = i + s. What is the remainder when w is divided by 4?
2
Let f = 43 + -9. Calculate the remainder when (-3 - -126) + ((-244)/(-41) - (-494)/10127) is divided by f.
27
Let x = -1190 - -1228. Suppose 0*w = 2*w - 280. Suppose -w + 700 = 5*m. Calculate the remainder when m is divided by x.
36
Let r = 248 - 255. What is the remainder when 21 is divided by r/(28/8) + 13?
10
Calculate the remainder when -1 + 514*9*(-2)/(-36) is divided by 89.
78
Let u(c) be the second derivative of 21*c - 2*c**2 - 1/12*c**4 + 0 + 2*c**3. Calculate the remainder when u(11) is divided by 3.
1
Let s = 5579 + -4788. What is the remainder when s is divided by 259?
14
Suppose -2*z - 16 = -o - 17, 5*z = 15. Calculate the remainder when 7128 is divided by o.
3
Let p = -1685 + 2327. What is the remainder when p is divided by 213?
3
Let r = -1228 + 1277. Suppose -a + 23 = 7. Calculate the remainder when r is divided by a.
1
Let a = -7095 - -7135. Calculate the remainder when a is divided by 24.
16
Let h(f) = 24*f**3 - 36*f**2 + 67*f + 5. Calculate the remainder when 748 is divided by h(2).
0
Suppose -4*o - 28340 = 3*l, 2*o - 14 + 24 = 0. Calculate the remainder when 1/((-10)/(-8))*l/(-64) is divided by 5.
3
Suppose -1521 = -10*w + 619. Let j = 229 - w. Calculate the remainder when j is divided by 7.
1
Suppose -4*b + 5*n = -991, 0 = b - 4*n - 202 - 32. Suppose 253*p + 159 = b*p. Calculate the remainder when p is divided by 32.
31
Let m(x) = -39*x + 2618. Calculate the remainder when m(7) is divided by 157.
147
Let l(z) = z**3 + 10*z**2 + 20*z + 3. Let j be l(-4). Suppose j*q - 15*q - 1600 = 0. Calculate the remainder when q is divided by 31.
28
Let y = 44 + 5. Let j = -298 + 304. What is the remainder when y is divided by 24 - (-2 + j + 1)?
11
Let a(k) = 131*k**3 - 2*k**2 - 9*k + 17. Calculate the remainder when a(2) is divided by 19.
13
What is the remainder when 1616 is divided by ((-224)/(-28) - (-33 - 0)) + -8?
32
Suppose 0 = 5*c - 0*c - 2*c. Suppose 5*z + 4*i = -26 + 121, -5 = -i. Calculate the remainder when (-71)/(-1) - c*4/(-8) is divided by z.
11
Let b = 97 + -64. Let p = 38 + b. Let w = -57 + p. What is the remainder when w is divided by 4?
2
Let r be (-285)/(-70) + 3/(-42). Suppose 102 = y + 5*u, r*y + 3*u = 8*u + 458. Let j = 42 - 4. Calculate the remainder when y is divided by j.
36
Let k(x) = -x**2 - 148*x - 4602. Calculate the remainder when 1237 is divided by k(-57).
67
Let i = 680 - 528. Suppose -5*x - 137 = -3*j - 0*j, x - i = -4*j. What is the remainder when 64 is divided by j?
25
Suppose n + 48 = 2*k, -2*n + 19 = -4*k + 5*k. Suppose 3*q - 14 = 124. Let g = 54 - q. What is the remainder when k is divided by g?
7
Calculate the remainder when 97 is divided by (0 - 5)/(212/(-1696)).
17
Let p = -453 - -1177. Suppose -6*r = -r + 4*l - p, 293 = 2*r + 5*l. What is the remainder when r is divided by 21?
18
Suppose 46*l = -26*l + 12384. What is the remainder when l is divided by 55?
7
Let w be 142/(-6) - 4/12. Suppose 5*o - 342 = -4*k, -12*o = -2*k - 16*o + 168. Let s = w + k. What is the remainder when s is divided by 22?
20
Let i be 5/40 + ((-5070)/(-16) - 1). Suppose 34*r = 35*r - i. What is the remainder when r/6 + 11/33 is divided by 28?
25
Let n be (6/4)/((-2)/((-48)/9)). Suppose -j - 31 = -n*j + 5*t, -2*j - 3*t = 11. Calculate the remainder when 26 is divided by -1 - j - (-16 - -3).
6
Suppose m = 3*r + 1470 - 1696, -2*r + 4*m + 164 = 0. What is the remainder when 478 is divided by r?
34
Let u be (-3 + 2)*(5 + 47 + -1). Let o = 75 + u. What is the remainder when o is divided by 27/(-3) + 5 + 18?
10
Suppose -c - a + 204 = 2*c, -5*a - 15 = 0. Suppose 0 = s + w - 24, -5*s + 1439*w + 85 = 1437*w. What is the remainder when c is divided by s?
12
Let a = -1281 + 1346. What is the remainder when a is divided by 34?
31
Let k(q) = -57*q + 1386. Calculate the remainder when 310 is divided by k(24).
4
Suppose 5*w + 119 = 4*m, 2*m - 5*w + 169 = 6*m. Let q be 60/360 + (-11735)/(-6). Suppose -q*a + 1964*a = 104. Calculate the remainder when m is divided by a.
10
Let z(k) = 21*k. Let w be z(-1). Let c be 4 + 34/(-9) + 2317/63. Let u = w + c. What is the remainder when u is divided by 9?
7
Let w(i) = -17*i + 67. Let u be w(10). Let s = 211 + u. Let m = s + -15. Calculate the remainder when m is divided by 24.
21
Suppose -y - 2*n - 1036 = -3*y, 5*n - 1530 = -3*y. Let m = 586 - y. What is the remainder when m is divided by 42?
29
Let o = -63 - -69. Let x be ((-6)/(-5))/(4/70). Suppose -o*q + q + 83 = v, -q + x = -2*v. What is the remainder when 83 is divided by q?
15
What is the remainder when 4278 is divided by